{"id":2937,"date":"2015-11-02T18:09:37","date_gmt":"2015-11-02T17:09:37","guid":{"rendered":"http:\/\/www.il9marzo.it\/?page_id=2937"},"modified":"2015-11-02T20:55:59","modified_gmt":"2015-11-02T19:55:59","slug":"io-sono-orgoglioso-di-angela-merkel","status":"publish","type":"page","link":"https:\/\/www.il9marzo.it\/?page_id=2937","title":{"rendered":"Io sono orgoglioso di Angela Merkel"},"content":{"rendered":"<p><em>Norbert Bl\u00fcm, che \u00e8 stato il ministro del lavoro in Germania dal 1982 al 1998, appartiene ad una generazione di democristiani tedeschi piuttosto critica verso Angela Merkel, che spesso accusa la cancelliera venuta dall&#8217;est di agire in maniera &#8216; troppo pragmatica e poco radicata nei valori fondamentali del partito. In particolare, per Bl\u00fcm, la Merkel rappresenta un&#8217;involuzione neo-liberale della Cdu.<\/em><\/p>\n<p><em>Con questo articolo, pubblicato dall&#8217;edizione domenicale della Franfurter Allgemeine Zeitung (e tradotto per noi dal signor Giovanni Graziani, che ringraziamo) Bl\u00fcm si schiera dalla parte della Merkel, e contro chi trama per farla cadere, sulla questione (decisiva per l&#8217;identit\u00e0 della Cdu, della Germania e dell&#8217;Europa) dell&#8217;accoglienza dei profughi.<\/em><\/p>\n<p>www.il9marzo.it<\/p>\n<p><span style=\"text-decoration: underline; color: #000000;\">Io sono orgoglioso di Angela Merkel<\/span>, di Norbert Bl\u00fcm<\/p>\n<p>(Traduzione dell&#8217;articolo <a href=\"http:\/\/www.faz.net\/aktuell\/politik\/fluechtlingskrise\/fluechtlinge-norbert-bluem-stolz-auf-angela-merkel-13886571.html%20\">Auf Angela Merkel bin ich stolz<\/a>, in Faz am Sonntag, 1 novembre 2015, pagina 10)<\/p>\n<p>Non sono mai stato uno che corresse il rischio di far parte dell&#8217; &#8220;Angela Merkel Fanclub&#8221;. Il suo discorso programmatico quando fu eletta presidente del partito, in cui il valore della giustizia veniva banalizzato e ridotto ad una questione di correttezza degradando cos\u00ec un principio fondamentale ad una regola di buona condotta, e poi il congresso di Lipsia della Cdu, che propose la riforma del sistema sanitario finanziata da contributi uguali per tutti indipendentemente dal reddito, hanno rappresentato a mio avviso il punto pi\u00f9 alto raggiunto dalla perversione neoliberale del mio partito. C&#8217;erano tra di noi mondi interi a dividerci.<\/p>\n<p>Ora invece sento il dovere di scendere a suo fianco e sostenerla con tutte le mie forze.<\/p>\n<p>Siccome non sono diventato sordo, sento bene che nel mio partito si mormora e si brontola. La linea politica seguita dalla Merkel sui profughi si scontra nella CDU, e ancor prima nella CSU, con grandi resistenze.<\/p>\n<p>Ma la Merkel ha fatto semplicemente ci\u00f2 che era scontato dovesse essere fatto, cio\u00e8 salvare esseri umani in una situazione eccezionale di emergenza. Qualsiasi altra condotta sarebbe stata un&#8217;omissione di soccorso. E non c&#8217;\u00e8 bisogno di essere particolarmente religiosi per ritenere che questa fosse la cosa giusta da fare. E&#8217; sufficiente mettersi nei panni dei disperati messi in gabbia o spinti oltre il confine dai poliziotti ungheresi, senza essere mai accolti come sarebbe stato imposto sia dal dovere di ogni essere umano sia dal diritto europeo.<\/p>\n<p>La Merkel ha aperto le porte. E cos&#8217;altro avrebbe dovuto fare? Avrebbe dovuto che i vecchi, i bambini, le persone che non si reggevano in piedi proseguissero la marcia lungo le autostrade, o saltellare con le carrozzine dei bambini lungo i binari fra una traversina e l&#8217;altra? Lei non ha nulla da vergognarsi per la sua scelta di ospitalit\u00e0 umanitaria, e sarebbe veramente messa male una Cdu che la volesse buttar gi\u00f9 per questo.<\/p>\n<p>La sera in cui i profughi sono stati accolti a Monaco di Baviera da tante persone pronte ad aiutarle io mi sono sentito orgoglioso del mio paese, e pieno di rispetto per una cancelliera, che aveva mostrato di sentire le cose nel verso giusto.<\/p>\n<p>Non \u00e8 stata la Merkel ad invitare i profughi a venire, non \u00e8 stata lei a provocare il loro arrivo. Le masse di profughi c&#8217;erano ben prima che la Merkel aprisse la bocca. Persone in fuga dai decapitatori islamisti, dalle bombe di Assad, da un regime siriano che ha usato i gas tossici. Si \u00e8 trattato semplicemente di un&#8217;operazione di salvataggio della vita di persone afflitte che hanno abbandonato i loro averi e la loro patria.<\/p>\n<p>L&#8217;eredit\u00e0 migliore che abbiamo ricevuto dall&#8217;Europa, il nostro vecchio continente, \u00e8 l&#8217;idea di dignit\u00e0 della persona umana. La prima frase della nostra costituzione \u00e8 anche la pi\u00f9 bella: &#8220;la dignit\u00e0 della persona \u00e8 inviolabile\u201c. E non &#8220;la dignit\u00e0 dei tedeschi \u00e8 inviolabile&#8221;. Per questo motivo, la questione dei profughi \u00e8 anche la prova della verit\u00e0 per l&#8217;Europa. Che sar\u00e0 misurata sulla sua umanit\u00e0, non sul suo prodotto nazionale lordo. E&#8217; una questione decisiva, e non siamo stati noi a sceglierla.<\/p>\n<p>Per la Cdu, Unione Cristiano-Democratica, la questione dei profughi si pone, che lo voglia o no, come la questione che interroga in modo decisivo la sua coscienza: come ti metti con la &#8216;C&#8217; d&#8217; &#8216;cristiano&#8217; nel tuo nome? E&#8217; solo un orpello decorativo, o \u00e8 un imperativo?<\/p>\n<p>Alla domanda di uno scriba, che per metterlo in difficolt\u00e0 gli chiedeva &#8220;chi \u00e8 il tuo prossimo?\u201c, Ges\u00f9 rispose con la parabola del Buon Samaritano. Il prossimo \u00e8 colui che &#8220;fu assalito dai predoni\u201c. Chi \u00e8 in situazione di bisogno, \u00e8 mio prossimo. In questo modo, Ges\u00f9 delude tutti gli ideologhi che avrebbero risposto: mio prossimo \u00e8 il mio fratello nella fede, il mio compatriota, il mio compagno di lotta di classe, e simili.<\/p>\n<p>L&#8217;amore per il prossimo non \u00e8 un triste programma. I soccorritori che alla stazione di Monaco hanno distribuito coperte e minestre calde ai profughi mostravano &#8211; almeno per quanto ho potuto vedere &#8211; volti pi\u00f9 lieti di chi ha imbrogliato con i gas di scarico alla Volkswagen, o dei &#8220;calcio-trafficanti&#8221; della Fifa.<\/p>\n<p>Forse \u00e8 un&#8217;ironia della storia che proprio il partito al quale appartengo da 60 anni, oggi si debba porre la stessa domanda che \u00e8 decisiva per gli stati d&#8217;Europa: con i profughi come vi comportate?<\/p>\n<p>Di Viktor Orb\u00e1n io mi vergogno. Parla dei profughi come di gente che viene perch\u00e9\u00a0 vuole far guerra e sconfiggere gli ungheresi come se si trattasse della battaglia di Lechfeld. Il suo cinismo \u00e8 una vergogna particolare per il paese che nel 1989 fu il primo ad aprire un varco nella cortina di ferro.<\/p>\n<p>Dei polacchi mi meraviglio. Solidarnosc \u00e8 stato un segno luminoso, col quale \u00e8 stata messa in ginocchio l&#8217;arroganza armata dell&#8217;Unione Sovietica. &#8220;Europa\u201c \u00e8 stato il grido con cui la Polonia si \u00e8 liberata dai vincoli che la legavano al blocco orientale. Ma ora, giunta alla libert\u00e0, torna a cadere in quel nazionalismo di cui \u00e8 stato cos\u00ec spesso vittima nel corso della storia.<\/p>\n<p>La Polonia va in senso opposto alla solidariet\u00e0 europea, e tradisce le sue migliori tradizioni.<\/p>\n<p>E l&#8217;Internazionale socialista, dove sta? A cantare belle canzoni.<\/p>\n<p>Di Angela Merkel io sono orgoglioso.<\/p>\n","protected":false},"excerpt":{"rendered":"<p>Norbert Bl\u00fcm, che \u00e8 stato il ministro del lavoro in Germania dal 1982 al 1998, appartiene ad una generazione di democristiani tedeschi piuttosto critica verso Angela Merkel, che spesso accusa la cancelliera venuta dall&#8217;est di agire in maniera &#8216; troppo pragmatica e poco radicata nei valori fondamentali del partito. In particolare, per Bl\u00fcm, la Merkel&hellip;<\/p>\n","protected":false},"author":1,"featured_media":0,"parent":0,"menu_order":0,"comment_status":"open","ping_status":"open","template":"","meta":{"footnotes":""},"class_list":["post-2937","page","type-page","status-publish","hentry","no-post-thumbnail","entry"],"_links":{"self":[{"href":"https:\/\/www.il9marzo.it\/index.php?rest_route=\/wp\/v2\/pages\/2937","targetHints":{"allow":["GET"]}}],"collection":[{"href":"https:\/\/www.il9marzo.it\/index.php?rest_route=\/wp\/v2\/pages"}],"about":[{"href":"https:\/\/www.il9marzo.it\/index.php?rest_route=\/wp\/v2\/types\/page"}],"author":[{"embeddable":true,"href":"https:\/\/www.il9marzo.it\/index.php?rest_route=\/wp\/v2\/users\/1"}],"replies":[{"embeddable":true,"href":"https:\/\/www.il9marzo.it\/index.php?rest_route=%2Fwp%2Fv2%2Fcomments&post=2937"}],"version-history":[{"count":0,"href":"https:\/\/www.il9marzo.it\/index.php?rest_route=\/wp\/v2\/pages\/2937\/revisions"}],"wp:attachment":[{"href":"https:\/\/www.il9marzo.it\/index.php?rest_route=%2Fwp%2Fv2%2Fmedia&parent=2937"}],"curies":[{"name":"wp","href":"https:\/\/api.w.org\/{rel}","templated":true}]}}